2401 is divided by 366.
71
What is the remainder when 16305112 is divided by 13442?
13408
What is the remainder when 616270 is divided by 28012?
6
What is the remainder when 7026297 is divided by 2342097?
6
Calculate the remainder when 21610091 is divided by 181.
139
What is the remainder when 75006 is divided by 37279?
448
What is the remainder when 11473219 is divided by 323?
259
What is the remainder when 12389029 is divided by 2262?
55
Calculate the remainder when 98385125 is divided by 1491.
1490
Calculate the remainder when 6805167 is divided by 850635.
87
What is the remainder when 759300 is divided by 298?
294
What is the remainder when 617329 is divided by 8282?
4461
Calculate the remainder when 5437206 is divided by 543712.
86
Calculate the remainder when 355660 is divided by 79.
2
What is the remainder when 27214194 is divided by 413?
385
Calculate the remainder when 54406443 is divided by 1362.
1353
Calculate the remainder when 3455880 is divided by 345.
15
Calculate the remainder when 979896 is divided by 326584.
144
Calculate the remainder when 23252 is divided by 22500.
752
What is the remainder when 88496574 is divided by 251?
249
Calculate the remainder when 223667408 is divided by 56.
48
Calculate the remainder when 43121 is divided by 984.
809
Calculate the remainder when 2065000 is divided by 147497.
42
What is the remainder when 2930915 is divided by 3966?
41
What is the remainder when 58338841 is divided by 29902?
39
What is the remainder when 723710 is divided by 505?
45
What is the remainder when 47061 is divided by 621?
486
What is the remainder when 42454 is divided by 42334?
120
What is the remainder when 78736751 is divided by 78736741?
10
What is the remainder when 6161 is divided by 2670?
821
Calculate the remainder when 868474 is divided by 570.
364
What is the remainder when 13260671 is divided by 680?
671
Calculate the remainder when 9494311 is divided by 1054913.
94
What is the remainder when 749204 is divided by 149778?
314
Calculate the remainder when 5715 is divided by 4124.
1591
What is the remainder when 972835 is divided by 1198?
59
What is the remainder when 5945587 is divided by 475?
12
What is the remainder when 1549078 is divided by 49970?
8
Calculate the remainder when 901893 is divided by 25.
18
What is the remainder when 2112954 is divided by 738?
60
What is the remainder when 78686 is divided by 1991?
1037
What is the remainder when 165526 is divided by 367?
9
Calculate the remainder when 382043 is divided by 127289.
176
Calculate the remainder when 55044273 is divided by 778.
773
What is the remainder when 296536 is divided by 146789?
2958
Calculate the remainder when 185833467 is divided by 2852.
2851
Calculate the remainder when 332097 is divided by 383.
36
What is the remainder when 119410 is divided by 23311?
2855
Calculate the remainder when 8875723 is divided by 3250.
3223
What is the remainder when 11513223 is divided by 3786?
3783
Calculate the remainder when 115742995 is divided by 28935748.
3
What is the remainder when 725110 is divided by 71?
58
What is the remainder when 1192207 is divided by 1076?
1075
Calculate the remainder when 270456 is divided by 30.
6
What is the remainder when 241113458 is divided by 1036?
1034
Calculate the remainder when 8865520 is divided by 159.
157
Calculate the remainder when 2986366 is divided by 472.
22
Calculate the remainder when 34171334 is divided by 17.
8
What is the remainder when 231177 is divided by 229369?
1808
What is the remainder when 2209740 is divided by 548?
204
Calculate the remainder when 18092270 is divided by 2584555.
385
What is the remainder when 109215 is divided by 1125?
90
Calculate the remainder when 210696 is divided by 155.
51
Calculate the remainder when 148600 is divided by 282.
268
What is the remainder when 2026638112 is divided by 53?
50
What is the remainder when 7519 is divided by 7353?
166
What is the remainder when 67229 is divided by 66663?
566
What is the remainder when 21059 is divided by 3887?
1624
Calculate the remainder when 113271 is divided by 36623.
3402
What is the remainder when 166840367 is divided by 50897?
1
What is the remainder when 15909107 is divided by 229?
19
What is the remainder when 293428 is divided by 73356?
4
Calculate the remainder when 6050540 is divided by 58.
38
What is the remainder when 10153487 is divided by 552?
551
Calculate the remainder when 46202994 is divided by 600.
594
Calculate the remainder when 10486373 is divided by 253.
29
Calculate the remainder when 184122 is divided by 36733.
457
Calculate the remainder when 327632 is divided by 54602.
20
Calculate the remainder when 2943745211 is divided by 337.
335
Calculate the remainder when 667697 is divided by 1439.
1
Calculate the remainder when 139645 is divided by 4546.
3265
Calculate the remainder when 67565565 is divided by 202.
201
Calculate the remainder when 62928363 is divided by 2559.
2553
What is the remainder when 869026 is divided by 579?
526
Calculate the remainder when 4177052 is divided by 104.
100
Calculate the remainder when 11395806 is divided by 4.
2
Calculate the remainder when 1180095 is divided by 294613.
1643
Calculate the remainder when 84321 is divided by 238.
69
Calculate the remainder when 130687 is divided by 296.
151
Calculate the remainder when 251976 is divided by 622.
66
What is the remainder when 379085 is divided by 125632?
2189
Calculate the remainder when 3186662062 is divided by 365.
362
What is the remainder when 339708 is divided by 2305?
873
Calculate the remainder when 423037 is divided by 5045.
4302
What is the remainder when 4787277 is divided by 17?
9
Calculate the remainder when 50797238 is divided by 3553.
3550
Calculate the remainder when 5379391 is divided by 6219.
6175
Calculate the remainder when 14738849 is divided by 26.
21
What is the remainder when 32126733 is divided by 82588?
1
What is the remainder when 2335787 is divided by 373?
61
What is the remainder when 153642 is divided by 3?
0
Calculate the remainder when 209008 is divided by 216.
136
Calculate the remainder when 3897952 is divided by 649658.
4
What is the remainder when 516010 is divided by 257945?
120
What is the remainder when 358238 is divided by 358005?
233
What is the remainder when 3099329 is divided by 619864?
9
What is the remainder when 3665296 is divided by 636?
28
Calculate the remainder when 7905367 is divided by 75289.
22
What is the remainder when 90041 is divided by 4988?
257
Calculate the remainder when 1245908 is divided by 38931.
116
Calculate the remainder when 231064 is divided by 859.
852
Calculate the remainder when 46605 is divided by 805.
720
What is the remainder when 151626 is divided by 2244?
1278
What is the remainder when 2719324 is divided by 2043?
91
What is the remainder when 2002931 is divided by 708?
707
Calculate the remainder when 5241491 is divided by 327571.
355
Calculate the remainder when 11803678 is divided by 2003.
2002
What is the remainder when 621801 is divided by 173?
39
What is the remainder when 3294104 is divided by 765?
14
Calculate the remainder when 22823664 is divided by 22823635.
29
What is the remainder when 5708973 is divided by 1154?
135
Calculate the remainder when 11694 is divided by 4917.
1860
Calculate the remainder when 408527 is divided by 2154.
1421
Calculate the remainder when 3696546 is divided by 13.
9
Calculate the remainder when 17386835 is divided by 172.
43
Calculate the remainder when 729697012 is divided by 1634.
1632
What is the remainder when 93739002 is divided by 3212?
3206
What is the remainder when 27626373 is divided by 332?
321
Calculate the remainder when 25700311 is divided by 6425077.
3
Calculate the remainder when 564518 is divided by 281351.
1816
What is the remainder when 4048 is divided by 112?
16
Calculate the remainder when 321618 is divided by 105661.
4635
What is the remainder when 693153 is divided by 57759?
45
Calculate the remainder when 527524 is divided by 345.
19
What is the remainder when 28995 is divided by 8294?
4113
Calculate the remainder when 100583 is divided by 31997.
4592
What is the remainder when 188208 is divided by 992?
720
Calculate the remainder when 744796 is divided by 334.
310
What is the remai